et z be 1*900/(q - 0). What is the units digit of (8/3)/((-3)/(z/2))?
0
Suppose g - 7*v = -8*v - 3, -3*g - 2*v - 4 = 0. Suppose 2*j = g*s + 686, 4*s = -0*j - j + 368. What is the hundreds digit of j?
3
Let h = 4968 + -2301. What is the units digit of h?
7
Let j = 3998 - -1801. What is the hundreds digit of j?
7
Suppose 0 = 358*d - 11363104 + 3294142. What is the hundreds digit of d?
5
Let s(n) = 21*n + 110. Let h be s(-5). Suppose -5*j + 3*y = -5991, -h*j + 3*y - 2388 = -7*j. What is the units digit of j?
7
Let h = -1156 - 626. What is the hundreds digit of ((-36)/42)/3 - h/14?
1
What is the hundreds digit of -71492*(-3)/96*8?
8
Let l(k) be the first derivative of 51*k**4/4 + k**3 - k**2 + 64. What is the hundreds digit of l(2)?
4
Let h(d) = -d**2 + 8*d - 12. Let s be h(4). Suppose -z + 9 = s*z - 3*l, 0 = -3*l + 6. Suppose z*b - 2*n = 2*n + 60, 0 = b - n - 21. What is the tens digit of b?
2
What is the ten thousands digit of -7 + (6 + -18 - -16755)?
1
Let t(d) = -59*d**3 + 4*d + 10*d**3 + 21*d**3 - 3*d**2 + 4 + 15*d**3. Let p be t(-4). Suppose 23*q - 27*q = -p. What is the tens digit of q?
9
Suppose -5*v + 8*v = 0. Suppose -59 = 5*q - 3*n, v = -0*n + 4*n - 12. What is the hundreds digit of (15/q)/(2/(-228))?
1
Suppose -3*t + 2*g = -58153, -202*t - 19385 = -203*t + g. What is the tens digit of t?
8
Suppose -4*u - 24 = -3*g, 0 = 5*g - u - 8 - 15. Suppose -z - 5*q + 186 = 0, 19*z + 187 = 20*z + g*q. What is the hundreds digit of z?
1
Suppose -2*u = -3*u - 3*c + 308, 2*c = -2*u + 620. Suppose -15*a = -2914 - u. What is the tens digit of a?
1
Suppose 216*b + 844220 = 250*b. What is the units digit of b?
0
Let f = 41 - 43. Let r be 4/(-8)*194 + f. Let z = r - -186. What is the units digit of z?
7
Suppose 0 = -704*x + 700*x - n + 39552, 7*x = n + 69216. What is the tens digit of x?
8
Suppose 165*q - 124*q = 1607610. What is the tens digit of q?
1
Let o = 2494 - -2270. Suppose -96*h + 92*h = -o. What is the units digit of h?
1
Let k(l) = -l**3 + l**2 + l + 165. Let s be k(0). What is the tens digit of s/(-66)*226/(-5)?
1
Suppose a - 464 = -2*i + 4*a, 5*a = -2*i + 448. Suppose -3*b + j + i = -j, 0 = -5*b - 2*j + 387. Suppose -b*f = -76*f - 29. What is the tens digit of f?
2
Let b(h) = 79 + 3*h**2 - 5*h - 4*h**2 + 24*h + 4*h. What is the tens digit of b(25)?
2
Let n(w) = -77*w. Let u be n(-4). Let t = u + -152. What is the hundreds digit of t?
1
Let y = -28531 + 31885. What is the units digit of y?
4
Let n = -134 - -137. Suppose 121 = 5*z + 4*l - 894, n*z - 577 = 4*l. What is the hundreds digit of z?
1
Suppose -8*q + 3*q = -390. Let h = q + 55. What is the hundreds digit of h?
1
Let b(m) = m**2 + 13*m + 39. Let w be b(-9). Suppose -7*d + w*d + 792 = 5*a, 0 = -2*d + 4*a + 422. What is the tens digit of d?
0
Suppose 0 = s + 5, y - 2*s - 13807 = -0*y. What is the thousands digit of y?
3
Let c(f) = -f**3 - 26*f**2 - 7*f - 187. Let k be c(-26). What is the hundreds digit of 2/k + (-2)/5*-4051?
6
Let m = 708 - 226. Let w = m - 342. Let k = -106 + w. What is the units digit of k?
4
Let x(i) be the third derivative of -65*i**4/8 - i**3/3 - 271*i**2. What is the hundreds digit of x(-9)?
7
Suppose -113*j = -459390 - 121882. What is the units digit of j?
4
Let x be (17444/(-21))/(-14) - (-1)/(-3). Suppose 0 = x*i - 60*i + 288. What is the hundreds digit of i?
2
Suppose 271*r = 3820940 + 876574. What is the tens digit of r?
3
Let w = -139002 + 223006. What is the units digit of w?
4
Let m(u) = 38*u**2 + 18*u. Suppose 8*v - 3*v = 5*x - 25, -24 = 5*v - 4*x. What is the tens digit of m(v)?
3
Let a(g) = 5 + g**2 - 1 + 0 - 3. Let p(b) = -13. Let s(m) = 6*a(m) + p(m). What is the units digit of s(-4)?
9
Let y = 9814 + -1407. What is the tens digit of y?
0
Let a be (-1 + (-3)/((-36)/8))*597. Let x = a - -1208. What is the units digit of x?
9
Suppose -o + 1 = l - 5, -5 = -5*o. Suppose -2*b + 1131 = l*x, 4*x = 3*b + b - 2220. What is the tens digit of b/8 + -2 + (-5)/(-20)?
6
Let k = 85972 - 61264. What is the tens digit of k?
0
Let n(m) = -4*m**2 - 24*m - 15. Let x be n(-5). Suppose -x*p - 3*h = -3471, -4*h = -2*p - 208 + 1586. What is the hundreds digit of p?
6
Suppose 0 = -6*d + 120896 - 42542. What is the thousands digit of d?
3
Suppose 2*x - 5*k = 3*x + 8, -4*k = -x + 19. Let i(a) = 3*a**3 - 2*a**2 - 14*a - 12. What is the units digit of i(x)?
1
Let o = 55420 + -35137. What is the thousands digit of o?
0
Suppose -5*u + 2*m = -536, -u + m = -3*m - 118. Let o = 106 - u. Suppose o = -h + 1 + 20. What is the units digit of h?
1
Suppose 192 = -28*q - 480. What is the units digit of (580/(1 - 3))/(16/q)?
5
What is the hundreds digit of 5 - (-40995)/27 - (-2)/(-6)?
5
Let r(k) = k**3 - 20*k**2 - 22*k + 22. Let i be r(21). What is the tens digit of ((-380)/(-80))/(i*1/44)?
0
Suppose 0 = -8*b + 5 - 13. Suppose -3*p - o = 3, p - 5*o + 19 = -p. What is the units digit of 63/(-6)*p - (b - 0)?
2
Suppose -38684 - 5619 - 30056 = -23*w. What is the hundreds digit of w?
2
Suppose -r + 9 + 6 = 5*p, 7 = r + p. Suppose 3*n + 496 = -4*t + 1625, n + 1435 = r*t. Suppose 9*l + 70 - t = 0. What is the tens digit of l?
2
What is the hundreds digit of (27 + -29)*12510/(-4)?
2
Suppose -2419 - 28073 = -12*h. Suppose 5*p - h - 1834 = 0. What is the hundreds digit of p?
8
Let t(h) = 819*h**3 - h**2 - 5*h + 4. Let n(m) = 3*m - 23. Let q be n(8). What is the tens digit of t(q)?
1
Let r(c) = 4*c**3 - 5*c**2 - 11 + c + 10 + 0*c**3 + 6*c**2. What is the hundreds digit of r(3)?
1
Suppose 5*q + 12 = 27. Suppose -2*a + q*y + 1562 = 0, -3*a + 2*y + 2348 = -0*a. What is the units digit of a?
4
Let o = -4998 + 9674. What is the units digit of o?
6
Suppose -29*m - 3*m + 105150 = -7*m. What is the units digit of m?
6
What is the tens digit of 3412 - (1 - -3) - (-5 - (7 + -10))?
1
Suppose -744 = -3*v - 114. Let b = v + -335. Let k = b + 212. What is the units digit of k?
7
Let f(q) = 17*q + 6. Let v be f(-1). Let y(k) = -2*k**3 - 13*k**2 + 17*k + 6. What is the units digit of y(v)?
8
Let g be (-18)/(-3) + (-3)/(-6)*-10. What is the hundreds digit of (g/(7/24))/(53/6678)?
4
Let u = 100525 - 64997. What is the ten thousands digit of u?
3
Let g(p) = -5*p + 10. Let n be g(3). Let z be n/10*(-5904)/1. What is the units digit of (18/(-8))/((-27)/z)?
6
Let u be (-1)/1*8 + 1. Suppose -2394 = -356*p + 318*p. Let f = u + p. What is the tens digit of f?
5
Suppose 7606 + 21278 + 40668 = 27*h. What is the units digit of h?
6
Suppose -5*g + 6*g - 12 = -2*t, g = -5*t + 27. Suppose -9*w = t*q - 8*w - 179, 5*q - 5*w = 185. What is the units digit of q?
6
What is the tens digit of (-12)/(-174) - (-4522532)/1102?
0
Let m(a) = -a**3 - 26*a**2 - 2*a - 29. Let h be m(-26). Suppose -26*t + h*t = 1233. What is the units digit of (-2)/(t/(-207) - 2)?
8
Suppose 0 = -15*t + 18*t - 3. Let r(w) = 198*w**2 + 10*w - 9. What is the tens digit of r(t)?
9
Let y = 14744 + -10819. What is the thousands digit of y?
3
Let m(n) = -803*n**3 - 2*n**2 - 2*n - 1. Suppose -9*d - 8 = -2*q - 11*d, -3*q + 2*d - 13 = 0. What is the hundreds digit of m(q)?
8
Let k(h) be the second derivative of h**4/12 - h**3 - 2*h**2 + 5*h + 2. Let i be k(0). What is the tens digit of 104 + 4/((-2)/2) - i?
0
What is the units digit of 16/(-10)*(-6)/(288/373800)?
0
Suppose -58*r + 48*r + 240 = 0. Suppose 0 = -3*g + n + 76, -3*n - r = 3*g - 108. What is the tens digit of g?
2
Let n(a) = 1827*a**2 - a + 1. Let k be n(-1). Let c = k - 1154. What is the tens digit of c?
7
What is the ten thousands digit of ((-112)/35)/8 + 1053952/80?
1
Suppose -84 = -4*o - 4*v, o + v = -3*o + 75. Suppose -s + 24 = 2*i, s + o = 4*i - 18. Suppose -2*l + 144 = i. What is the tens digit of l?
6
Let s = -49 - -54. What is the hundreds digit of 24/(-60) - (-2647)/s?
5
Let a = 24 + -18. Suppose -a*d - 8 = -10*d. Suppose -l - 2*l - 10 = -w, -4 = -d*l. What is the tens digit of w?
1
Suppose -11*c = 2*c. Suppose c = 8*z - 1928 - 4952. What is the hundreds digit of z?
8
Suppose 0 = -14*l + 1909 - 5521. What is the units digit of (l/6 - -3)*-1?
0
Let b = -587 + 12795. What is the tens digit of b?
0
Let z be 98/70 - (-6)/10. Suppose -4*c = 3*n - 28, -9 - 5 = -z*c - 5*n. Suppose 85 = -c*i + 12*i. What is the units digit of i?
7
Let o = -57653 - -96119. What is the hundreds digit of o?
4
Suppose -c + 3*q = -2